 6263412?
4
Calculate the greatest common divisor of 2607 and 101785101.
2607
What is the highest common divisor of 342037756 and 68?
68
What is the greatest common divisor of 16320 and 30880?
160
Calculate the greatest common factor of 90 and 10868790.
30
What is the highest common factor of 13562614 and 45766?
934
What is the greatest common divisor of 2055900 and 620?
20
Calculate the highest common divisor of 116740 and 3068.
52
What is the highest common factor of 963744 and 96?
96
What is the greatest common divisor of 3706 and 3026?
34
What is the highest common factor of 107 and 109047124?
107
What is the highest common divisor of 19015944 and 808008?
6168
What is the greatest common divisor of 501252 and 4974?
6
What is the highest common factor of 470 and 61132430?
470
Calculate the highest common divisor of 2290377 and 404.
101
What is the highest common factor of 32185983 and 15?
3
What is the greatest common divisor of 13732572 and 24?
12
What is the greatest common factor of 1185 and 543852195?
1185
Calculate the greatest common factor of 2830415 and 30345.
595
What is the highest common factor of 222 and 219011436?
222
What is the greatest common divisor of 6776 and 2333128?
56
Calculate the greatest common factor of 9875 and 5004625.
125
What is the highest common divisor of 334 and 23495063?
167
What is the greatest common divisor of 41915 and 140685?
415
What is the greatest common factor of 91358822 and 5204?
2602
Calculate the greatest common factor of 131157 and 1767817.
1121
What is the highest common factor of 600 and 18456?
24
What is the greatest common divisor of 294935 and 48678780?
4835
What is the highest common factor of 4110 and 11986815?
2055
What is the highest common factor of 2746519 and 4330?
433
Calculate the highest common divisor of 186 and 80904234.
186
Calculate the highest common divisor of 53346576 and 5904.
1968
Calculate the greatest common divisor of 15247 and 66597.
79
Calculate the highest common divisor of 2193 and 270113.
17
What is the highest common factor of 42976 and 46847?
79
What is the greatest common factor of 198 and 1032537?
33
What is the highest common divisor of 16394 and 107618?
14
What is the greatest common factor of 256 and 655512448?
128
What is the greatest common factor of 719082 and 146718?
234
Calculate the highest common factor of 48 and 1722608.
16
Calculate the greatest common divisor of 5442801 and 104.
13
Calculate the greatest common divisor of 1462553 and 11567.
269
What is the highest common factor of 61131 and 146944?
287
What is the greatest common factor of 198 and 206728434?
198
Calculate the highest common factor of 8710860 and 27060.
2460
Calculate the greatest common divisor of 6115081 and 626.
313
What is the highest common factor of 561249 and 204633?
351
Calculate the highest common divisor of 4986187 and 159.
53
What is the greatest common divisor of 57942172 and 12?
4
Calculate the highest common factor of 18595428 and 78.
6
What is the highest common divisor of 405348 and 1656?
12
What is the greatest common factor of 22308 and 10173?
3
Calculate the greatest common divisor of 5801034 and 24063.
1851
What is the highest common factor of 359107 and 1883840?
5887
What is the greatest common factor of 14219310 and 3723?
51
Calculate the highest common factor of 1326 and 268944182.
442
Calculate the greatest common divisor of 37093 and 3395.
7
Calculate the greatest common divisor of 9642960 and 16.
16
What is the highest common divisor of 4166940 and 4440?
2220
Calculate the highest common divisor of 241992 and 4824.
72
What is the highest common divisor of 41705781 and 26?
13
Calculate the greatest common divisor of 1600 and 201680.
80
Calculate the highest common factor of 41070 and 239340.
30
Calculate the greatest common factor of 273 and 8939853.
39
Calculate the highest common factor of 115934 and 854.
14
Calculate the greatest common factor of 882 and 18273570.
294
What is the greatest common factor of 1993 and 3503335260?
1993
Calculate the greatest common factor of 522 and 381795237.
261
What is the greatest common factor of 350 and 1460522?
14
What is the highest common factor of 35309 and 1297474?
527
Calculate the highest common divisor of 6 and 2547429.
3
Calculate the greatest common factor of 11054004 and 32214.
4602
Calculate the greatest common factor of 19663 and 1294790.
371
What is the highest common factor of 13104 and 264486096?
1008
Calculate the highest common divisor of 43726098 and 96.
6
What is the greatest common divisor of 61 and 80100381?
61
Calculate the highest common divisor of 162900111 and 9.
3
Calculate the highest common divisor of 17203193 and 7.
7
Calculate the greatest common factor of 4 and 13973317.
1
Calculate the highest common factor of 5047872 and 40083.
1293
What is the greatest common factor of 1071579780 and 180?
180
Calculate the highest common factor of 63986425 and 100.
25
Calculate the greatest common factor of 14689113 and 6341.
373
What is the greatest common divisor of 588 and 280938?
42
What is the highest common factor of 1023 and 2168667?
93
What is the highest common divisor of 18249 and 104148?
33
Calculate the greatest common factor of 11964 and 10314.
6
What is the greatest common factor of 422370980 and 9700?
1940
Calculate the greatest common factor of 1743 and 2359026.
249
What is the greatest common divisor of 3886 and 308734?
58
Calculate the highest common divisor of 288 and 45138924.
36
What is the highest common factor of 488367 and 711?
9
What is the highest common divisor of 459576864 and 171?
171
What is the greatest common divisor of 16 and 17928832?
16
Calculate the greatest common divisor of 770 and 27106475.
55
What is the highest common factor of 100890 and 33499905?
885
What is the highest common divisor of 10 and 3081640?
10
Calculate the highest common divisor of 1103690 and 24710.
70
What is the greatest common factor of 2136 and 102494536?
712
Calculate the greatest common divisor of 138412350 and 30.
30
Calculate the greatest common factor of 567974 and 84458.
242
Calculate the highest common factor of 523709 and 118441.
1427
What is the highest common divisor of 665 and 9508170?
665
Calculate the highest common factor of 25345595 and 110.
55
What is the highest common factor of 39046803 and 222?
111
What is the highest common factor of 14800 and 6738400?
400
Calculate the greatest common factor of 2090445504 and 448.
448
What is the greatest common divisor of 6650 and 27554000?
50
What is the highest common divisor of 2269870 and 23630?
1390
Calculate the greatest common factor of 88248 and 408.
24
What is the greatest common divisor of 541321815 and 75?
15
Calculate the greatest common divisor of 1266753 and 8224.
257
What is the highest common divisor of 10163334 and 6?
6
Calculate the highest common divisor of 29337 and 171633.
231
What is the highest common divisor of 9845770 and 67760?
1210
Calculate the highest common divisor of 1089618128 and 544.
272
Calculate the highest common factor of 2105633 and 34299.
37
Calculate the highest common factor of 10441184 and 312.
104
Calculate the greatest common factor of 399236295 and 430.
215
Calculate the highest common factor of 481430 and 119674180.
15530
Calculate the highest common divisor of 1700 and 1798175.
425
Calculate the greatest common factor of 3779379 and 595242.
4077
What is the highest common factor of 559950 and 6430?
10
What is the highest common divisor of 5214 and 158243478?
474
Calculate the highest common divisor of 54303 and 20424.
69
What is the highest common factor of 296 and 2643354?
74
What is the highest common divisor of 215291 and 1813553?
3649
Calculate the highest common divisor of 45297572 and 248.
124
What is the highest common divisor of 532774 and 153242?
794
Calculate the highest common divisor of 15282 and 8464878.
54
What is the highest common factor of 4224 and 73953?
33
Calculate the greatest common factor of 2819417 and 234356.
1429
What is the greatest common factor of 35218054 and 5872?
734
Calculate the greatest common factor of 56745 and 209229.
291
Calculate the greatest common factor of 261556 and 48760.
92
Calculate the highest common divisor of 180 and 1485495.
45
Wha